 be k(-25). Suppose 0 = -y + 2*g + 27, y + d*g - 35 = 13*g. Calculate the highest common factor of 171 and y.
19
Let g be (-5)/(20/(-48)) - (1 + 2). Suppose -4 = -3*y - y. Calculate the highest common divisor of g and y.
1
Suppose m + 5 = 0, -m - 11 = 5*w - 966. Calculate the highest common divisor of 12 and w.
12
Let i(l) = -48*l - 12. Let o be i(-5). Let z be (-7)/((-42)/o) - 2. Let n = 58 + -34. Calculate the highest common divisor of z and n.
12
Let u be 2*15/12*2. Suppose u*f = 11*f - 180. What is the greatest common factor of 75 and f?
15
Let b(f) = 10*f + 5. Let j be b(5). Let q be (-34)/(-119) - (-306)/7. Suppose 0 = -0*p - 4*p + q. Calculate the highest common divisor of p and j.
11
Let l = -1629 + 1699. Calculate the greatest common divisor of l and 40.
10
Let r(z) = 6*z**2 + 5*z + 3. Let m be r(2). What is the greatest common factor of m and 74?
37
Let t = 13 - -7. Suppose -19*w + t*w - 12 = 0. Suppose 2*i = 6 + 6. Calculate the greatest common factor of i and w.
6
Suppose 13 = 3*w + 4. Suppose 0*t - 117 = -w*t. Calculate the greatest common divisor of t and 26.
13
Let k = -157 + 253. What is the greatest common divisor of k and 36?
12
Suppose 6*y - 54 = -0. Let p = -177 + 276. Calculate the highest common divisor of p and y.
9
Suppose -6*f + 584 = -292. Let v = f - 113. Calculate the highest common factor of v and 44.
11
Let t be ((-27)/12)/9 - 1/(-4). Suppose 755 = 5*b + 3*i, -3*b + t*b - 4*i + 464 = 0. Calculate the highest common divisor of b and 37.
37
Let d(x) = 2*x + 14. Let s be -5 - 3/(2 + 1). Let g be d(s). Suppose -g*w - 264 = -5*w. Calculate the highest common factor of w and 11.
11
Let l(t) = -51*t - 39. Let h be l(-3). What is the highest common divisor of h and 57?
57
Let w be (-1)/(-3) + 24830/390. What is the greatest common factor of 112 and w?
16
Let s(r) = -2*r + 73. Let b be s(4). Let d(x) = -x**2 - 66. Let f be d(0). Let l = -40 - f. What is the greatest common factor of l and b?
13
Let z(b) = 3*b + 6. Let u(n) = -4*n - 5. Let y(g) = 5*u(g) + 4*z(g). Let v be y(-1). Let d be (-28)/6*(-81)/6. What is the greatest common divisor of d and v?
7
Suppose -4*q = -3*v + 1093, -2*v - 4*q = 308 - 1070. Calculate the highest common factor of 7 and v.
7
Let t(x) = -x + 4. Let l be t(3). Let i = l - -1. Suppose i*f + 220 = 7*f. Calculate the greatest common factor of f and 11.
11
Let c(k) = k**2 + 22*k + 4. Let x be c(-22). Let p be 5 - -1 - (x + -8). Calculate the highest common factor of 4 and p.
2
Let t = -873 - -898. What is the greatest common factor of t and 30?
5
Let n(i) = i + 17. Let g be n(0). Suppose -301 = -4*u + 39. What is the highest common factor of g and u?
17
Let o be 10 + (-245)/25 + 2378/10. What is the highest common factor of 102 and o?
34
Let i be (-4)/(-18) - (-12)/27*4. Suppose 0 = j - x + 3*x + 2, i*x = j - 10. Calculate the greatest common divisor of 4 and j.
4
Let a(g) = 2*g**3 - 7*g**2 + 5*g + 4. Let j be a(5). Suppose 9*h = 17*h - j. Calculate the highest common divisor of 91 and h.
13
Let x(q) = 7*q - 20. Let r be x(6). Let w be -2 + ((-136)/2)/(-1). Calculate the highest common factor of r and w.
22
Suppose 4*p = -5*b + 76, p + 3*p + 8 = 2*b. Let u(c) = c**2 - c - 8. Let q be u(8). Calculate the highest common factor of q and b.
12
Let k = 641 + -616. What is the greatest common divisor of k and 775?
25
Let b be (322/69)/(2/27). What is the greatest common divisor of 15 and b?
3
Suppose 0 = 8*k - 25*k + 3536. What is the greatest common divisor of 156 and k?
52
Suppose 417 = -4*q - j + 1117, -4*q + 4*j = -700. Calculate the greatest common divisor of 91 and q.
7
Let r be (-1)/1 + (1 - -38). Let q be (-3 - 35)/(-5 - 96/(-20)). What is the highest common factor of r and q?
38
Let t(y) = y**3 - 48*y**2 + 62*y - 125. Let i be t(47). Calculate the highest common divisor of i and 232.
116
Suppose 4*i - 14 = -3*h, -2*h = 5*i - 4*h - 6. Suppose u + i*z - 6 = -0*u, 0 = u - 3*z - 26. Let j = -23 + 44. Calculate the highest common divisor of j and u.
7
Let g be 35 - ((-30)/(-5) + 2). What is the highest common divisor of 432 and g?
27
Let t = -102 - -102. Suppose j - 12 = -t*j. What is the highest common factor of 84 and j?
12
Let x be -76*((-36)/8 + 4). What is the highest common factor of 418 and x?
38
Suppose -15*f + 170 = 2*f. Calculate the highest common divisor of f and 10.
10
Let u(w) = -w + 1. Let m(l) = 14. Let g(h) = m(h) + u(h). Let x be g(5). Calculate the highest common divisor of 5 and x.
5
Let n(r) = -r**3 - 7*r**2 + r + 8. Let w be n(-7). Let m be 0 - (9 - (0 - w)). Let i = m + 13. Calculate the highest common factor of i and 9.
3
Let o(s) = 2*s - 5*s + 0 - 5 - 1. Let u be o(-5). Calculate the greatest common divisor of 9 and u.
9
Let z be (-1)/(2/3) - (-1862)/196. Calculate the highest common factor of z and 40.
8
Let i = 121 - 72. Let o be -305 - (-5)/(5/(-3)). Let s be ((-1)/2)/(22/o). Calculate the greatest common divisor of i and s.
7
Let c be -4 - -1 - 0 - -26. Let h = 37 - c. Calculate the highest common divisor of h and 98.
14
Let d(r) = 2*r + 123. Let m be d(24). What is the highest common divisor of 38 and m?
19
Let s(g) = 37*g + 2. Suppose 7 = 3*y - 2. Let f(c) = -112*c - 6. Let z(b) = y*f(b) + 8*s(b). Let x be z(-1). Calculate the greatest common divisor of x and 57.
19
Let t = 502 - 434. What is the greatest common factor of 36 and t?
4
Suppose 6 = 5*z + 31, 0 = 2*o - 2*z + 8. Let d = o + 0. Let i(x) = -x**2 - 11*x - 2. Let y be i(d). Calculate the greatest common factor of y and 4.
4
Suppose 72*w - 63*w - 108 = 0. What is the greatest common factor of 330 and w?
6
Suppose 19*w - 5*n = 14*w + 3900, -4*n + 16 = 0. What is the highest common factor of w and 294?
98
Suppose -3*m + 31 = -56. Let z = 715 + -483. What is the highest common divisor of z and m?
29
Let w be 3/(124/(-56) + 2). Let q be (-30)/(-105) + (-178)/w. Calculate the highest common factor of 13 and q.
13
Let m(h) = 15*h + 3. Let d be m(3). Suppose -63 = -a - d. Calculate the greatest common factor of 15 and a.
15
Let g(x) be the second derivative of -x**5/20 - 2*x**4/3 + x**3/3 + 23*x**2/2 + 2*x. Let t be g(-8). Calculate the highest common factor of t and 35.
7
Suppose -8390 = -25*b + 6485. Calculate the highest common divisor of b and 85.
85
Let m(d) = -d + 50. Let u be m(10). Suppose -6*y = -y + 1485. Let o be y/(-5) + (-15)/(-25). Calculate the highest common factor of u and o.
20
Let y be (-1)/((-49)/(-10) + -5). Calculate the greatest common divisor of y and 130.
10
Suppose 10*l + 188*l = 1386. Let k = -7 + 14. What is the highest common factor of k and l?
7
Let g be ((-34)/(-1) + 3)/1. Suppose 4*v - 3 = g. Suppose -v + 3 = -j. What is the greatest common divisor of j and 1?
1
Let u(s) = -s**3 + 16*s**2 + 35*s + 134. Let h be u(18). Calculate the greatest common divisor of 87 and h.
29
Suppose -14*x = -12*x - 116. What is the greatest common factor of x and 116?
58
Let n = 73 + -71. Let t be 11 - (-3)/3*n*-1. What is the highest common factor of t and 36?
9
Suppose -8*v + 1152 = -0*v. Calculate the highest common factor of 16 and v.
16
Suppose -z = -9*z + 16. Suppose z*v + 2*v - 240 = 0. Calculate the highest common divisor of v and 15.
15
Let p(r) = -2*r + 4. Let b = 6 + -9. Let m be p(b). Suppose 0*l - 22 = -4*j + 2*l, 5*j + l = m. What is the greatest common divisor of j and 1?
1
Suppose -744 = -11*z + 939. What is the highest common divisor of z and 225?
9
Suppose 4*j - 8 = 12. Let c be (-6 + 4)*(-5)/((-10)/(-4)). Let k be 2/6*(14 + -3 + c). What is the highest common divisor of j and k?
5
Let o = -400 - -409. What is the highest common divisor of 144 and o?
9
Let z(w) = 2*w**3 - 10*w**2 + 7*w - 2. Let a be z(6). Suppose 5*x = 4*k + a, -4*k + 32 = 4*x - 3*x. Calculate the greatest common factor of 12 and x.
12
Suppose -74*d + 3555 = 5*d. Calculate the greatest common factor of d and 285.
15
Suppose 2*a - 75 - 25 = 0. Let j(h) = -h - 9. Let l be j(-19). Calculate the highest common divisor of a and l.
10
Suppose -73*x + 380 = -69*x. What is the highest common factor of 20 and x?
5
Let n be -18*((-80)/30 + 2). Let j(c) = 5*c - 7. Let v be j(5). What is the greatest common divisor of v and n?
6
Let u = 330 + 293. Suppose -7*w + 0*w = -u. Let z = -45 + w. Calculate the highest common divisor of 4 and